hat is the highest common divisor of s and 8?
8
Suppose -2*z = -2*f - 14, -3*z + 138*f - 140*f = -6. Suppose 0 = -5*n - j + 318, -5*n + j - 4*j = -314. Calculate the greatest common factor of z and n.
4
Suppose 0 = -4*i + 2*x + 5154, -410*i + 407*i = x - 3863. What is the greatest common divisor of 104 and i?
8
Let z(a) = 110*a**2 + 41*a - 30. Let f be z(-3). What is the highest common divisor of f and 81?
27
Let x(o) = 3*o**2 + 50*o - 7. Let l be x(-17). What is the greatest common factor of l and 355?
5
Let w = -347 + 608. Let d = 369 - w. What is the highest common divisor of d and 48?
12
Let s(t) = t**2 + 4*t - 43. Let d be (9*(-2)/24)/(1/12). Let b be s(d). What is the greatest common factor of 32 and b?
2
Let v(k) = -124*k - 9. Suppose -42*q + 5 = -47*q. Let f be v(q). What is the greatest common factor of 25 and f?
5
Let l(j) = -3*j - 311. Let z be l(-108). Calculate the highest common factor of z and 12064.
13
Let x be 0/1 + 290 + 8. Suppose -f - 96 = -2*m, 106 = -4*m - f + x. Calculate the greatest common factor of 48 and m.
48
Suppose -3*v - 6 = 0, -5*v = -5*g - 3*v + 14. Suppose 20040 - 18248 = 28*d. Calculate the greatest common factor of g and d.
2
Let n(f) = -92*f - 763. Let s be n(-22). What is the highest common divisor of s and 91?
13
Let c be 17 - (2*-180 + 2). What is the highest common divisor of c and 200?
25
Suppose 0 = 4*m - 33106 - 6230. Calculate the greatest common factor of m and 66.
66
Suppose 4*f - 37 - 11 = 0. Let i be (-2)/3*-2*f. What is the highest common divisor of 512 and i?
16
Suppose -210 + 66 = -5*k - 54. What is the highest common divisor of k and 36?
18
Let g be (-1 - 7)/(4 + 21/(-5)). Suppose -2 = -7*h + g. Calculate the greatest common divisor of h and 2.
2
Suppose 11*b = -648 - 672. Let h = b + 92. Let p be 4/(-6)*21/(-14) - h. Calculate the greatest common divisor of p and 87.
29
Let o(s) = 822*s + 183. Let z be o(9). Calculate the highest common divisor of 21 and z.
21
Suppose -z - 38 = -5*j, -6*j + 2*z + 4 = -5*j. Suppose j*g - 892 = 836. Calculate the greatest common factor of 54 and g.
54
Let n(x) = x**3 - 32*x**2 + 25*x - 260. Let s be n(32). Calculate the greatest common factor of s and 70.
10
Let w = 1170 - 398. Suppose 244 - w = -p. Let t be 2/7 - p/(-14). Calculate the highest common factor of 304 and t.
38
Suppose 4*s + 54*x = 59*x - 21, 4*s = -4*x - 12. Let r(w) = -14*w + 84. Let h be r(s). Calculate the highest common factor of h and 196.
28
Let o be -58*((-66)/11 - -4 - 4/(-8)). What is the highest common divisor of 2175 and o?
87
Suppose -2*i = 3*i + 5, -1137 = -5*m - 3*i. Let n = m + -221. What is the greatest common factor of 203 and n?
7
Let m = -380 - -444. Suppose 4*v - 48 = 4*r, 12 = 3*v + 7*r - 4*r. What is the greatest common divisor of v and m?
8
Suppose -5*c - 5*r = -12910, 0*r + 4*r = -2*c + 5168. Suppose 7*o - 3*o + 3216 = 5*d, 0 = -4*d + 5*o + c. Calculate the greatest common factor of 80 and d.
80
Let o = -21723 - -70716. Calculate the greatest common factor of 21 and o.
21
Let d be (-57)/(-76) - (1/(-1))/4. Let a(w) = -7*w**2 + 2*w - 1. Let h be a(d). Let k be (-8)/12 - 16/h. What is the greatest common factor of k and 8?
2
Let z be 24975/74 + (-6)/4. Let h = 396 - z. Calculate the highest common divisor of h and 12.
12
Let y = 1722 + -1550. Calculate the greatest common factor of 3268 and y.
172
Suppose -9*a - 77 = -95. Suppose -4*h + 34 = 2. Suppose 4*z - 2*z = -a*p + h, 3*p - 8 = -z. Calculate the highest common factor of 14 and p.
2
Let u(c) = 4*c**3 + 101*c**2 + 3*c - 205. Let r be u(-25). Suppose -4*h + 72 = -48. What is the highest common factor of h and r?
15
Let z(d) = d**2 - 104*d - 2619. Let u be z(-21). Calculate the highest common divisor of u and 1370.
2
Suppose 2*c - 195 = -0*g - 3*g, 312 = 3*c - 2*g. Let n = -75 + c. What is the highest common factor of n and 63?
9
Suppose -16*k + 13*k = -51. Let f = -25 - -15. Let a = f + k. Calculate the greatest common divisor of 35 and a.
7
Suppose -744*w = -773*w + 3132. What is the highest common factor of 1452 and w?
12
Let z = -4876 - -5596. Calculate the highest common factor of 80 and z.
80
Let s(p) be the third derivative of p**4/12 - 4*p**3 - 131*p**2. Let m be s(17). Suppose -i - 320 = -5*i. What is the greatest common divisor of i and m?
10
Let j = -155 - -187. Suppose 5*b + 3*v - 46 = 0, -5*v + 9*v - j = -3*b. Calculate the greatest common divisor of 184 and b.
8
Suppose -2*p + 69 - 77 = 0. Let a be 33 + (9/p)/((-33)/44). Calculate the highest common divisor of 84 and a.
12
Let r(l) = l**2 - 13*l - 67. Let c be r(-30). Suppose -16403 = -30*a - c. What is the highest common factor of 23 and a?
23
Let z = 50 + -30. Let j(b) = 4*b**2 + 72*b + 265. Let o be j(-13). Calculate the greatest common factor of z and o.
5
Let j be 652/14 + -2 - (-537)/1253. Calculate the greatest common divisor of j and 7860.
15
Suppose -932*m + 152 = -930*m. Calculate the highest common factor of 1406 and m.
38
Let g(m) = 143*m + 4681. Let p be g(28). What is the highest common factor of 90 and p?
45
Suppose -4*z + 4*f = 32, f - 7 = -9. Let c(x) = -6*x - 58. Let q be c(z). What is the highest common factor of 98 and q?
2
Let l be 2/(-4)*(15 + -14 + 1). Let a be (-144)/(-18) - (l + (3 - 2)). Let z be (2 - 1)/(2/4). What is the greatest common divisor of a and z?
2
Let g(k) = -k**3 + 82*k**2 + 255*k + 12. Let o be g(85). Calculate the highest common factor of o and 11.
1
Let f = 1394 + -994. Suppose -472*b - 66450 = -1801*b. Calculate the greatest common factor of b and f.
50
Let f be 326959/5283 - (68/36 - 2). Suppose s - 310 = -4*s. Calculate the highest common divisor of s and f.
62
Suppose 0*x = 2*v - x - 179, 3*x = -9. Let m(a) = -6*a**2 + 824*a - 252. Let p be m(137). What is the greatest common factor of v and p?
22
Let s = 2896 + -2648. Calculate the highest common divisor of s and 806.
62
Let w = 1886 - 1851. What is the highest common factor of w and 35?
35
Suppose 3*x = -x - l + 129, 4*x + 2*l = 126. Let m be (1 - 97/(-2))*42/63. Let h = m + -30. Calculate the greatest common divisor of h and x.
3
Let d(t) = t - 16. Let z be d(19). Suppose -5*c - 4 - 4 = 2*p, 3*p + 3 = -z*c. Let l be (-2 - -1) + p + 10. What is the greatest common divisor of l and 80?
10
Let j be (8 - 3) + (8/(-14) - 2446769/(-91)). What is the highest common factor of j and 9?
9
Let x be ((-5)/15)/(3/(-90)). Let m be 24/20 + 8/x. Suppose -7 = -5*q + 3, -4*k + 12 = m*q. What is the highest common divisor of 3 and k?
1
Suppose -27*g - 1726 = -17*g - 7486. What is the greatest common divisor of g and 128?
64
Suppose 0 = 9*s - 7*s - 14 + 12. Let n = 1 + 2. Suppose -b = -2*d + 94, 2*b - n = s. What is the greatest common divisor of d and 18?
6
Let p be 1776/(-162)*-3 + (-1)/(-9). Calculate the highest common divisor of 10065 and p.
33
Let r(z) = 2*z**2 + 84*z - 77. Suppose 0 = -3*i + 9 - 138. Let q be r(i). What is the highest common factor of 27 and q?
9
Let v = 4475 - 4396. What is the highest common factor of 11929 and v?
79
Suppose -3*k = 9, -31*u = -34*u + k + 3. Let b(f) = -f**3 + f**2 + 2*f + 342. Let y be b(u). Calculate the greatest common divisor of 36 and y.
18
Let x = 1 + 0. Suppose 0 = 3*h - 2*j - 15, -h + j + 3 = -x. Let u = 1566 - 1503. Calculate the greatest common divisor of h and u.
7
Let t(z) = 53*z**2 - 239*z - 17. Let o be t(19). Calculate the highest common factor of o and 275.
275
Let z be (-10 + 6 - -627) + 7. What is the greatest common divisor of z and 350?
70
Let h = -9877 + 11022. What is the greatest common divisor of 25 and h?
5
Let x be 110/4 + 22/44. Let i = -158 - -88. Let b be x/((10/i)/((-2)/7)). What is the highest common factor of b and 14?
14
Suppose 6*o - 15090 = 34*i - 32*i, -2*o = 3*i - 5008. Calculate the greatest common divisor of 14 and o.
7
Let r(x) = -11*x**3 + 9*x**2 + x + 32. Let t(m) = 2*m**3 - m. Let a(v) = r(v) + 5*t(v). Let c be a(8). What is the highest common factor of c and 72?
8
Let z(a) = 42*a + 76. Let v be z(-8). Let t be ((-18)/(-10))/((-39)/v). Suppose 0 = -6*u + 7*u - 48. Calculate the highest common factor of t and u.
12
Suppose 44*m - 9963 = -723. Calculate the highest common factor of m and 1380.
30
Let q = -66 - -73. Let x(s) = -s**2 + 13*s - 2. Let c be x(q). Suppose -124 = -5*d - 4*y, -d + 5